 + 224. Calculate the highest common factor of s and 7.
7
Let l = 1346 + -1190. Calculate the greatest common divisor of 84 and l.
12
Let w(p) = 4*p**2 + 235*p - 241. Let c be w(-61). Calculate the greatest common divisor of c and 1276.
44
Suppose -3*x - 52 = -7*x. Suppose x*d - 44 = 11*d. Let l = 12 - 10. What is the highest common factor of l and d?
2
Let s(y) = -2*y**2 - 41*y + 38. Let a be s(-18). Calculate the highest common factor of a and 1744.
16
Suppose -16*l - 3*l = 114. Suppose 0 = -v + 6*v + 60. Let y = l - v. What is the greatest common factor of y and 4?
2
Let u(f) = -27*f + 381. Let y be u(14). Suppose 4*j + 6 = 62. Suppose -326 = -y*x - j. Calculate the highest common divisor of 8 and x.
8
Let w(i) = -i**3 - 3*i**2 + 9*i - 7. Let b be w(-5). Let l be (-15)/3 + (b - -111). Suppose 0 = g - 5*g + 32. What is the highest common divisor of l and g?
8
Let r = 13984 + -13844. Calculate the highest common factor of r and 1652.
28
Suppose -44 = -q - 2*n, -q - 102 = -3*q + 3*n. Let s be 170/7 + 180/(-630). Calculate the highest common factor of s and q.
24
Let x(s) be the third derivative of -s**6/120 + s**4/3 - 7*s**3/6 + 21*s**2 + s. Let j be x(-5). Calculate the highest common divisor of 24 and j.
6
Let r be 942/(-22) - ((-140)/77 + 2). Let t = -40 - r. Suppose 3*g + t*d = -g + 652, 168 = g + 2*d. What is the greatest common divisor of 20 and g?
20
Let z(i) = 22*i**2 - 21 - i**3 + 12 + i**2 + 11. Let q be z(23). Calculate the highest common factor of q and 5.
1
Suppose 115*b - 421687 = -105309 + 471602. Calculate the highest common factor of 12 and b.
12
Let l = -11908 + 11973. What is the highest common factor of l and 585?
65
Let n = 2859 + -1071. Calculate the highest common divisor of 12 and n.
12
Suppose 27*b - 31*b - 78 = -a, -a = b - 88. Suppose 2*s - 4*q = 20, 6*s + a = 11*s - q. Calculate the highest common divisor of 14 and s.
2
Suppose 5*g = 21*g - 12608. Let h be g/22 + 46/253. Calculate the highest common divisor of h and 396.
36
Suppose 0 = d + 1, -979 = -l + 4*d - 913. Calculate the greatest common factor of l and 4061.
31
Let t be ((4 - 10) + -25)*-261. Calculate the greatest common factor of t and 29.
29
Let v = 3151 - -1595. What is the highest common divisor of 42 and v?
42
Suppose 4*r + 98 = 3*u - 501, 0 = -3*u + 3. Let y = r - -224. What is the highest common factor of 100 and y?
25
Suppose 2*j - 4*j + 36 = 0. Suppose 0 = b + 3*i - 114 + 27, -3*i = 2*b - 180. Suppose 12 = -3*d + b. What is the greatest common divisor of d and j?
9
Let p(r) = -r + 3. Let k be ((-4)/(12/(-15)))/(-1). Let d be p(k). Calculate the greatest common divisor of 56 and d.
8
Let o = -1508 + 2274. Suppose -772 = -4*q + 2*q - 4*h, 2*h = -2*q + o. Suppose 0 = 218*s - 224*s + 228. What is the greatest common divisor of s and q?
38
Suppose -77*m + 36070 - 10275 = 0. Calculate the greatest common divisor of m and 871.
67
Let y(b) = 6*b**2 + 10*b - 37. Let v = 144 + -151. Let o be y(v). What is the greatest common divisor of o and 22?
11
Let u = 167 + -164. Suppose 12*h = u*h + 2790. What is the highest common factor of 62 and h?
62
Let h(p) = p**3 - 91*p**2 + 182*p - 36. Let a be h(89). What is the highest common factor of a and 980?
20
Let p = 1902 - 414. Calculate the highest common factor of 2 and p.
2
Let j = -79 - -92. Suppose 57 + 60 = j*f. Calculate the greatest common factor of f and 63.
9
Suppose 5*l + 49*z = 47*z + 6020, -3*l + 3613 = z. Calculate the greatest common factor of l and 1072.
134
Suppose i = 4 + 2. Let h(s) = s**3 - 10*s**2 - 22*s + 21. Let q be h(15). Let f be (-6)/(-15)*-1 - q/(-15). What is the highest common factor of f and i?
6
Let w = 458 - 453. Suppose -4*j = -3*p + 8*p - 545, w*p = -5*j + 550. What is the greatest common factor of p and 20?
5
Let u(r) = -2*r**3 - 7*r**2 - 8*r - 9. Let a be u(-4). Let x be 3/(-24) - (-17860)/32. Suppose 6*z - 378 = x. Calculate the greatest common divisor of z and a.
39
Let c be (-91)/(-78)*-6 + 28. Calculate the greatest common factor of c and 399.
21
Suppose 0 = 8*t - 82 - 70. Let h(a) = -a**3 + 5*a**2 + 16*a + 1. Let u be h(7). Let p = 34 - u. Calculate the greatest common factor of t and p.
19
Suppose 2*i + 2*v = 76, 0 = -i - 3*v - 11 + 35. Calculate the greatest common divisor of 2415 and i.
15
Let n be 131 - (-75)/45*7/((-140)/48). Calculate the greatest common factor of n and 28829.
127
Let l = -32 + 35. Let k(p) = 9*p + 21. Let u be k(l). Suppose 0 = 3*i - 5*i + 48. Calculate the highest common factor of i and u.
24
Let k be 2*49/2*1. Suppose 5*s - c - k = 0, 5*s - 45 = 2*c + 3*c. Suppose 0 = 9*x - s*x + 96. What is the highest common divisor of 6 and x?
6
Suppose -5*n + c + 1697 = 0, 49*n - 44*n + 2*c = 1691. Let f = n - 275. What is the highest common divisor of 8 and f?
8
Let t be (-3)/(-7) - ((-12818)/14 + -11). Let k be ((-4)/(-3))/2 - t/(-27). Suppose -r + 4 = -1. What is the highest common divisor of k and r?
5
Suppose -9*k - 368 = -13*k. Let d(h) = -h**3 - 25*h**2 - 25*h - 1. Let s be d(-24). Calculate the highest common divisor of s and k.
23
Suppose q = -3*n + 3, -q + 2*n + 9 = 2*q. Suppose -q*p + 78 - 3 = 0. Suppose 4100 = 113*s - 31*s. What is the greatest common factor of p and s?
25
Let x = -3 + 7. Suppose -2*j + 390 = 3*v - 0*j, v = -x*j + 130. Let i(y) = 217*y + 2413. Let g be i(-11). What is the greatest common divisor of v and g?
26
Let s(j) = j + 1. Let z be s(-7). Let o(h) = -h**3 - 4*h**2 + 7*h + 2. Let y be o(z). Let w = -20 + y. Calculate the highest common factor of w and 84.
12
Suppose -13*c + 221 = 4*c. Suppose c*s = 33 + 149. What is the highest common divisor of s and 8?
2
Suppose 3*j - 2*w - 110 = 0, -14*j = -12*j + 4*w - 100. Let y(f) = 5*f**2 + f - 2. Let n be y(2). What is the greatest common factor of j and n?
20
Let s = 5335 - 4378. Calculate the highest common divisor of 609 and s.
87
Let a(b) = 72*b**3 + 6*b**2 - 8*b + 1. Let r be a(1). Let p = 85 - r. What is the highest common divisor of p and 6?
2
Let x = -52 + 74. Let p = 26 - x. Suppose -5*q + 81 = p*l - 14, -3*q = -l + 11. What is the greatest common divisor of 70 and l?
10
Let h be (-1)/(((-4)/234)/(8/6)). Suppose 0 = -8*k + 5*k + h. Suppose 5*w + 36 = 3*v, 5*v + 3*w + 0*w - k = 0. What is the highest common factor of v and 7?
7
Let f be (2 - (-2)/1) + 341. Suppose 4*z - f + 65 = 0. Suppose 248 = 4*l - g - 3*g, -l + 5*g = -z. Calculate the greatest common factor of 24 and l.
12
Suppose 0 = -5*p - 5*u + 10, -p - 2 + 0 = -u. Suppose -2 - 18 = -4*j, p = g + 4*j - 479. Suppose -g = -4*f + 81. What is the greatest common factor of f and 15?
15
Suppose -7*z + 510 = -2885. Suppose 0 = -24*r - 5 + z. What is the highest common divisor of r and 110?
10
Suppose -2*l = -5*g + 44, 9*l = g + 6*l - 14. Suppose 3*v + 4*b - 85 = 0, 4*b - g*b = 2*v - 62. What is the greatest common divisor of v and 437?
23
Let s be (-131136)/4781*(-14)/4. Suppose 0 = -h - 1, 0 = 4*z - 3*h - 15. Suppose 60 = -z*v + 8*v. What is the highest common factor of s and v?
12
Suppose 25*c - 3465 - 4010 = 0. Suppose 2*m + 21 = 113. Calculate the highest common divisor of c and m.
23
Let g(x) = 3*x + 13. Let h be g(-9). Let f be 0 - 66 - 7/(h/(-4)). Let b = -62 - f. Calculate the greatest common divisor of 12 and b.
6
Suppose -5*r + 582 + 408 = 0. What is the highest common divisor of 374 and r?
22
Let b = -16651 - -31227. What is the greatest common factor of b and 64?
16
Let p = 291 + -401. Let t be (-1)/2*(-1384)/(-4). Let s = p - t. What is the highest common factor of 9 and s?
9
Suppose 0 = 5*z - 1851 + 101. What is the highest common factor of z and 50?
50
Let g be 12 + (-2 - 4) + 8 - -1. Let d(k) = -6*k + 2. Let c be d(2). Let o = c - -16. Calculate the greatest common divisor of g and o.
3
Suppose -24*a + 4300 = -5*c, -234 = -2*a - c + 130. What is the highest common factor of 765 and a?
45
Suppose 5*v = 2*v - 42. Suppose 2*m - 4*s = -18, -3*m - 4*s = -m - 22. Let k be ((-16)/(-56) + (-1396)/v)/m. Calculate the highest common factor of k and 250.
50
Suppose 2820 = 2*v + 231*s - 229*s, v - 1407 = -4*s. What is the highest common factor of v and 332?
83
Let s be (56*1)/(12 - (-3510)/(-297)). What is the greatest common factor of 7 and s?
7
Suppose 2*s - 3*i + i = 98, 5*s - 3*i = 251. Suppose 4*l + 3*o - s = 0, l + 2*